+ 81. Determine b(l).
3
Let y(w) = -w + 14. Let j = -439 + 483. Suppose 0 = -5*l - z + j, 2*l + 3*z = 15 + 13. Determine y(l).
6
Let b(q) = q**3 - 7*q**2 + 6*q - 1. Suppose -3*i = 5*h - 101, 4*h = 5*i + 56 + 47. Suppose h*w - 107 - 25 = 0. What is b(w)?
-1
Let b(t) = -t + 5. Let o = -121 + 123. Suppose w = -11*w - o*w. Give b(w).
5
Let s be (16/12)/((-2)/(-36)). Suppose 5*r = 9*r - s. Let m(g) = -g**2 + 8*g + 10. Let o(q) = -2*q**2 + 15*q + 16. Let k(a) = -5*m(a) + 3*o(a). What is k(r)?
-8
Let g(l) = l**2 + 6*l - 7. Let j be (5/(-3) - -1)*(1 + -4). Suppose -3*f - q - 15 = j*q, f + 5*q = 7. Let y be (-2)/2 + f + (-1)/(-1). What is g(y)?
9
Suppose 2*b + 18 = 5*b. Let h(m) = -3*m**3 - 16*m**2 + 8*m - 25. Let z(p) = p**3 + 8*p**2 - 5*p + 11. Let l(x) = -2*h(x) - 5*z(x). Determine l(b).
-23
Let g = -2572 - -2577. Let i(a) = a**3 - 5*a**2 - 6*a - 1. What is i(g)?
-31
Let j(s) = -s - 2. Let v(m) = -m**2 - 4*m - 4. Let k(h) = -12*h + 22. Let c be k(2). Let n(r) = c*v(r) + 5*j(r). What is n(-3)?
7
Let z(w) = -4 - 13 + 2 - 13*w - w**2. Suppose 33*q + 204 = -159. Determine z(q).
7
Suppose 14*n = 4*n + 360. Suppose -n*b = -20*b + 16. Let g(k) = 3*k**2 + k. Calculate g(b).
2
Let t be ((-12)/5)/(6/(-15)). Let b(p) = 5 + 5 - 18*p - p**2 - 2*p**2 + 3. Let j(v) = -v**2 - 9*v + 7. Let u(o) = 2*b(o) - 5*j(o). What is u(t)?
9
Let t(f) be the second derivative of -17*f**4/12 - 2*f**3/3 - 2*f**2 - 110*f + 17. Calculate t(-1).
-17
Let d(s) be the second derivative of s**5/20 + 2*s**4/3 - 4*s**3/3 + 3*s**2 + s. Suppose 725*m + 1049*m + 12585 = -3381. Determine d(m).
-3
Suppose -10 = w - 4. Let k(u) = 5866*u - 1 + 4 - 11740*u + 5870*u. Calculate k(w).
27
Let k(o) = -o**3 + 4*o**2 + 19*o + 5. Suppose 0 = -4*i + 3*j + 25, -2*j + 37 = -16*i + 21*i. Give k(i).
-9
Let g(f) = -2*f**3 + 4*f**2 + 2*f - 7. Let j be g(2). Let r(n) = -n**3 - 3*n**2 + 4*n + 1. What is r(j)?
-11
Let o(t) = 7*t + 4. Let a(z) = -2*z. Let w(q) = -6*a(q) - 2*o(q). Let f = -2513 - -2509. What is w(f)?
0
Let t be 1 + (-10 - -5) + 9. Let b(m) = 4 - 25 + 16 + m**2 + 0*m - t*m. Let h = 7 + -2. Determine b(h).
-5
Let y = -54 - -68. Let v(p) = p - 10. Let s be v(y). Let r(h) = 1 + 117*h - s*h**2 + h**3 - 117*h. What is r(3)?
-8
Suppose 4*u - 47 = -5*i + 10*i, 23 = 4*u + 3*i. Let c(h) = -7 - h + u - 3 + 3*h. Give c(-7).
-16
Let o = -1456 + 1456. Let l(p) = 8*p - 2. Calculate l(o).
-2
Let p = 10779 + -10798. Let z(x) = x**2 + 21*x + 28. What is z(p)?
-10
Let r(w) = -5*w**2 + 34*w. Let c(b) = b**2 - 3*b. Let o(q) = -2*c(q) - r(q). Give o(10).
20
Let c(v) = 181369 + 180994 - 363156 + 14*v. Calculate c(56).
-9
Let z(g) = -29828*g**2 + 29830*g**2 - 52 + 27*g - 25. Calculate z(-16).
3
Let d(s) = 47 + 56*s + 64*s - 179*s + 62*s. What is d(-16)?
-1
Let j(t) = -t - 11. Suppose 5*g - f + 1315 = 9*g, -2*f = 2. Let m = g - 342. Give j(m).
2
Suppose -t - 14 = 4*s, -3*t = -2*s - 3*s - 43. Let w(n) be the second derivative of 0 - 1/20*n**5 + 46*n - n**3 + 2*n**2 + 7/12*n**4. Determine w(t).
4
Let o(q) = 60*q**2 + 9*q + 5. Let z(w) = 29*w**2 + 4*w + 2. Let k = -298 - -301. Let c(j) = k*o(j) - 7*z(j). What is c(1)?
-23
Let z(c) be the first derivative of -c**3/3 - 3*c**2/2 - 3*c - 1. Suppose -2*a - 354 = -5*a. Let k = 115 - a. Calculate z(k).
-3
Suppose 6*u - 11 = 13. Suppose 10*m - 12*m - 2*h = 0, 15 = u*m - h. Let a(t) be the second derivative of t**4/6 - t**3/2 + 2*t**2 + 2*t. Determine a(m).
13
Suppose -5*s - 205 + 105 = 0. Let h(l) = -l**2 - 21*l - 26. Let g be h(s). Let u(y) = -y**3 - 7*y**2 - 6*y - 3. Calculate u(g).
-3
Let y(k) = -4*k + 9. Let r(v) = -15*v + 34. Let f(h) = -12*h + 34. Let a(m) = 4*f(m) - 3*r(m). Let p be a(9). Determine y(p).
-19
Let o(f) = -56*f + 17*f + 13*f + 17*f + 3. Calculate o(-8).
75
Let c(d) = d**3 + 4*d**2 - 8*d - 10. Suppose 0 = 132*v - 116*v + 80. Calculate c(v).
5
Let z(q) = -q**3 - 8*q**2 - 3*q + 16. Let j be (-3630)/510 + 22/187. What is z(j)?
-12
Suppose -13*z - 17 = 4*z. Let l(u) be the first derivative of -3*u**5/5 + u**3/6 - 4*u + 1. Let c(d) be the first derivative of l(d). Give c(z).
11
Let k(f) = -3277*f + 1142*f - 326 + 1076*f + 1141*f. Calculate k(4).
2
Let c(d) = -d + 1. Suppose -198 = -2*a - 2*j, -7*a + 299 = -4*a + 2*j. Let u = a - 99. Suppose -u*f = 3*r + 17, -f = -4*f + 4*r. Give c(f).
5
Suppose 0 = 13*l - 17*l - 20, -5*s = -2*l - 15. Let q(t) = 2*t - 6. Determine q(s).
-4
Suppose 205*f + 791 + 1975 - 306 = 0. Let t(b) = b**3 + 12*b**2 + b + 31. Give t(f).
19
Suppose -9*n = -n - 16. Let g(s) = 10*s**2 + 6*s**n - 4*s - s**3 + 10*s - 19*s**2 + 3. Determine g(-4).
-5
Let k(p) = -88 - 65 - 4*p**2 + 325 - 84 - 84. Determine k(2).
-12
Let n(r) be the first derivative of -3*r**2/2 - 48*r + 3588. Determine n(-7).
-27
Let u = -250 - -249. Let p be ((-4)/(-10))/(4/(-10)) - u. Let n(j) = 2 - 4 - 5 + j**2. Give n(p).
-7
Let z(g) be the first derivative of 2*g**3/3 + 3*g**2/2 - 13*g - 217. Give z(3).
14
Let l(h) = 4*h**2 + 125 - 3*h**2 + 0*h**2 - 21*h - 108. Give l(20).
-3
Let r(j) = -j**2 - 6*j + 8. Suppose -915 = -7*x + 2*x. Let s(u) = -x + u - 162 + 333. Let y be s(6). Calculate r(y).
8
Suppose -29*r = -961 + 1135. Let a(w) = -3*w**2 - 40*w - 128. Determine a(r).
4
Let v(a) be the third derivative of -a**4/12 + 17*a**3/6 + 9*a**2 - 3. Calculate v(14).
-11
Let u(r) = r**3 - 7*r**2 + 7*r - 7. Let j(z) be the first derivative of -z**4/4 + 2*z**3 - 3*z**2 + 6*z + 7. Let f(w) = -5*j(w) - 4*u(w). Determine f(2).
2
Let y(s) be the second derivative of -s**3/6 - 7*s**2/2 + 898*s - 1. Suppose 0 = 30*t - 25*t + 50. What is y(t)?
3
Let d(k) = -160704 + 160648 - k - 5*k - 3*k + 3*k. What is d(-9)?
-2
Let x(u) be the second derivative of u**5/20 - 17*u**3/6 - u**2 + 2385*u. What is x(4)?
-6
Let n(b) = -2*b**3 + 3*b**2 + 9*b + 2. Let v be n(3). Let c(t) = t**2 - 5*t + 1. Calculate c(v).
-5
Suppose 3*w - 5*d = 3 + 6, 4*d - 3 = -w. Suppose q = w*z + z - 11, -3*q = -3. Let f(b) = 2*b**z + 7 - 13 + 5*b**2 + 3*b + 11 - b**3. Calculate f(-4).
9
Let p(g) = -34*g**3 - 3*g**2 + 28*g + 6. Let b(a) = -35*a**3 - 2*a**2 + 22*a + 5. Let o(v) = 5*b(v) - 4*p(v). Give o(1).
-38
Let r(o) = 2*o**2 + 21*o - 6. Suppose -63*y + 64*y - 11 = 0. Suppose y = -g - 0*g. Let f be r(g). Let z(n) = n**2 - 5*n - 3. What is z(f)?
-3
Suppose 4*u = -3*u + 14. Let k(x) = 3*x**3 - 62*x - 2*x**3 + 63*x - x**2 + 2*x**u. Give k(-2).
-6
Let f(x) = 4*x - 10. Let l be f(3). Suppose 0 = -5*m + 2*m - l*s + 34, 0 = -2*m - 5*s + 41. Let n(y) = y**2 - 10*y + 1. Calculate n(m).
-15
Let a = -1598 + 1606. Let d(s) = 2*s**2 - 16*s - 7. Give d(a).
-7
Let m(v) = v**3 - 5*v**2 + 2*v + 6. Let p be (74/(-8))/(2/(-8)). Suppose -5*a = 27 - p. Suppose 0 = -g - a*o + o + 9, 28 = 4*g + 2*o. Determine m(g).
16
Let l(d) be the second derivative of d**6/240 + d**5/60 + 3*d**4 - 14*d + 3. Let a(g) be the third derivative of l(g). Give a(-3).
-7
Let x(p) = p**2 - 11*p - 7. Let d be -44 + 42 + (2 + -3)/((-2)/22). What is x(d)?
-25
Let m(k) = -3*k + 272 - 535 + 281 - 2*k + 6*k. Let s be m(-20). Let u(n) = 0*n + 3 + 8*n + 2*n. Determine u(s).
-17
Let w(u) be the second derivative of -u**4/6 + u**3 - 3*u**2/2 - 6*u. Let s be w(2). Let z(q) = -2 + s - 3*q + 3 - 5. Give z(-5).
12
Let t(l) = -6*l - 26. Let n(c) = 4*c + 13. Let x(d) = 5*n(d) + 3*t(d). Give x(4).
-5
Let u(m) = -m. Let d(w) = 8*w**2 + 4*w + 1. Let r(s) = d(s) + 2*u(s). Let x = -254 - -253. Give r(x).
7
Let m(k) = -k**2 - 2*k + 1. Let s(z) = -2*z**2 - 18*z + 17. Let r(l) = 3*m(l) - s(l). Let f be r(3). Let n(o) = o**3 - 14*o**2 + 13*o - 2. What is n(f)?
-2
Let y(l) be the first derivative of -2*l**3/3 + 3*l**2/2 + 12*l + 293. Determine y(5).
-23
Let a(p) = -p**2 - 12*p + 4. Let r be a(-12). Let i(u) = 5*u**3 + 4*u**2 - 4*u + 3. Let l(s) = 4*s**3 + 3*s**2 - 3*s + 2. Let b(t) = r*l(t) - 3*i(t). Give b(2).
7
Suppose -130*l - 6 = -122*l - 14. Let n(y) = -18*y**3 + y**2. Calculate n(l).
-17
Let z(c) = 226*c - 120. Let x(o) = -71*o + 40. Let f(v) = 16*x(v) + 5*z(v). Calculate f(17).
-62
Let j be (-7 - -31 - 6) + -8. Let o(f) = f**3 - 8*f**2 - 22*f + 15. What is o(j)?
-5
Suppose 2*i + 85 = k + 99, 32 = -4*k. Let f(n) = -2*n**3 + 4*n**2 + 7*n - 28. What is f(i)?
-25
Let o(c) = c**3 - 4*c**2 - 7*c + 4. Let p(t) = 3*t**2 + 27*t - 3. Let v be p(-10). Suppose -12 + v = 3*h. Calculate o(h).
-6
Suppose -k - 5*o - 2